{"id":98,"date":"2018-10-16T13:53:23","date_gmt":"2018-10-16T11:53:23","guid":{"rendered":"https:\/\/www.sz-breitnau.de\/shop\/?page_id=98"},"modified":"2020-11-18T07:34:01","modified_gmt":"2020-11-18T06:34:01","slug":"agbs","status":"publish","type":"page","link":"https:\/\/www.sz-breitnau.de\/shop\/agbs\/","title":{"rendered":"Allgemeine Gesch\u00e4ftsbedingungen"},"content":{"rendered":"<h4>Pr\u00e4ambel<\/h4>\n<p>Die Ski-Zunft Breitnau e.V. (im Folgenden: SZ Breitnau) stellt auf der Webseite www.sz-breitnau.de\/shop Vereinskleidung zur Verf\u00fcgung.<br \/>\nDer Online-Shop der SZ Breitnau richtet sich ausschlie\u00dflich an Privatpersonen.<\/p>\n<h4>\u00a7 1 Vertragsgegenstand<\/h4>\n<p>Gegenstand eines Vertrages eines Nutzers mit der SZ Breitnau sind Warenbestellungen im Onlineshop der SZ Breitnau.<\/p>\n<h4>\u00a7 2 Nutzung des Onlineshops, Vertragsschluss<\/h4>\n<p>Der Nutzer hat auf den Webseiten der SZ Breitnau die M\u00f6glichkeit, Vereinskleidung und \u00e4hnliche Produkte gegen Entgelt zu erwerben.<br \/>\nDurch Anklicken der Schaltfl\u00e4che \u201ekaufen\u201c gibt der Nutzer ein rechtsverbindliches Angebot zum Kauf des angeforderten Produkts gegen\u00fcber der SZ Breitnau ab. Die SZ Breitnau nimmt dieses Angebot durch \u00dcbersendung einer Email an.<br \/>\nDie Vertragsabwicklung erfolgt ausschlie\u00dflich in deutscher Sprache.<br \/>\nDie Produktbeschreibung ist keine Garantie.<\/p>\n<h4>\u00a7 3 Zahlungsbedingungen<\/h4>\n<p>Vor Anforderung eines Artikels durch den Nutzer wird der Preis f\u00fcr dieses Produkt, Versandkosten und seine Beschreibung angezeigt. Diese Summe (Kaufpreis und Versandkosten) ist Bestandteil des zwischen dem Nutzer und der SZ Breitnau gem\u00e4\u00df \u00a7 2 zustande gekommenen Vertrages.<br \/>\nDer Nutzer verpflichtet sich zur Zahlung dieses Preises. Die Zahlung wird mit Zustandekommen des Vertrags f\u00e4llig.<br \/>\nS\u00e4mtliche Preise verstehen sich inklusive der jeweils in der Bundesrepublik Deutschland geltenden Umsatzsteuer.<br \/>\nZahlung des Preises erfolgt bei Abholung. Andere Zahlungen k\u00f6nnen nicht bearbeitet werden und entbinden nicht von der Pflicht zur Zahlung des Preises.<\/p>\n<h4>\u00a7 4 Eigentumsvorbehalt<\/h4>\n<p>Die SZ Breitnau beh\u00e4lt sich das Eigentum an der bestellten Sache bis zur vollst\u00e4ndigen Kaufpreiszahlung vor.<\/p>\n<h4>\u00a7 5 Lieferung<\/h4>\n<p>Die \u00dcbergabe von Produkten erfolgt ausschlie\u00dflich durch Abholung bei der angegebenen Gesch\u00e4ftsadresse.<\/p>\n<h4>\u00a7 6 Einstellung der Webseite durch die SZ Breitnau<\/h4>\n<p>Die SZ Breitnau beh\u00e4lt sich vor, die auf ihrer Webseite zur Verf\u00fcgung gestellten Dienste und Leistungen jederzeit ohne Angabe von Gr\u00fcnden ganz oder teilweise einzustellen. Der Nutzer erkennt dieses Recht ausdr\u00fccklich an. Die SZ Breitnau schuldet in diesem Falle keinerlei Schadensersatz oder entgangenen Gewinn.<\/p>\n<h4>\u00a7 7 Eingebundene Webseiten Dritter<\/h4>\n<p>Auf der Webseite von der SZ Breitnau sind Webseiten Dritter durch Links oder auf andere Weise eingebunden. der SZ Breitnau hat auf die Inhalte solcher Webseiten keinen Einfluss und ist hierf\u00fcr nicht verantwortlich. Die SZ Breitnau distanziert sich von s\u00e4mtlichen Inhalten solcher Webseiten, insbesondere, wenn diese anst\u00f6\u00dfiger, verfassungsfeindlicher, rechtswidriger oder pornografischer Natur sind.<br \/>\nDie Allgemeinen Gesch\u00e4ftsbedingungen der Betreiber verlinkter Seiten gelten neben diesen Allgemeinen Gesch\u00e4ftsbedingungen.<\/p>\n<h4>\u00a7 8 Datenschutz<\/h4>\n<p>Nutzerdaten, die f\u00fcr die Vertragsabwicklung sowie Gew\u00e4hrleistungsanspr\u00fcche notwendig sind, werden nur zu diesem Zweck verwendet und durch die SZ Breitnau gespeichert.<\/p>\n<h4>\u00a7 9 Rechtliche Verantwortung bei Kleinanzeigen<\/h4>\n<p>Der Anzeigenkunde tr\u00e4gt die alleinige Verantwortung f\u00fcr die rechtliche Zul\u00e4ssigkeit und den Inhalt seiner Anzeige. Der\u00a0Kunde darf mit seiner Anzeige nicht gegen gesetzliche oder beh\u00f6rdliche Ge- oder Verbote, die guten Sitten oder Rechte\u00a0Dritter (Marken-, Namens-, Urheber-, Datenschutz-, Pers\u00f6nlichkeitsrechte etc.) versto\u00dfen.<\/p>\n<p>Verst\u00f6\u00dft der Kunde mit seiner Anzeige gegen diese Verpflichtung, haftet er gegen\u00fcber der SZ Breitnau auf Ersatz aller hieraus entstehenden Sch\u00e4den, es sei denn, dass er die Pflichtverletzung nicht zu vertreten hat. Der Anzeigenkunde stellt die SZ Breitnau im Innenverh\u00e4ltnis von allen aus diesen Verst\u00f6\u00dfen resultierenden Anspr\u00fcchen Dritter, einschlie\u00dflich der Kosten der Rechtsverfolgung und -verteidigung, frei.<\/p>\n<h4>\u00a7 10 Haftung und Gew\u00e4hrleistung<\/h4>\n<p>Die SZ Breitnau haftet nicht f\u00fcr Verf\u00fcgbarkeit und Erreichbarkeit ihrer Webseite.<br \/>\nDie SZ Breitnau schlie\u00dft die Haftung f\u00fcr leicht fahrl\u00e4ssige Pflichtverletzungen aus, soweit diese keine vertragswesentlichen Pflichten betreffen und der Nutzer kein Verbraucher ist. Dies gilt nicht bei Verletzungen des K\u00f6rpers, der Gesundheit und des Lebens, hierbei ist die Haftung in jedem Fall unbeschr\u00e4nkt. Auch bei grober Fahrl\u00e4ssigkeit und Vorsatz ist die Haftung weder beschr\u00e4nkt noch ausgeschlossen. Diese Haftungsregelung gilt auch f\u00fcr Pflichtverletzungen unserer Erf\u00fcllungsgehilfen.<br \/>\nEs gelten die gesetzlichen Gew\u00e4hrleistungsvorschriften.<\/p>\n<h4>\u00a7 11 Schlussbestimmungen<\/h4>\n<p>Es gilt ausschlie\u00dflich das Recht der Bundesrepublik Deutschland unter Ausschluss des UN-Kaufrechtes.<br \/>\nDie SZ Breitnau beh\u00e4lt sich vor, diese AGB jederzeit und ohne Nennung von Gr\u00fcnden zu \u00e4ndern. F\u00fcr die jeweilige Vertragsbeziehung ist die Fassung zum Zeitpunkt ihrer Anerkennung durch den Nutzer g\u00fcltig.<br \/>\nIst oder wird eine Bestimmung in diesen allgemeinen Gesch\u00e4ftsbedingungen unwirksam oder anfechtbar, bleiben die \u00fcbrigen Bestimmungen davon unber\u00fchrt.<br \/>\nAusschlie\u00dflicher Gerichtsstand ist Sitz der SZ Breitnau, sofern der Nutzer Kaufmann ist.<\/p>\n","protected":false},"excerpt":{"rendered":"<p>Pr\u00e4ambel Die Ski-Zunft Breitnau e.V. (im Folgenden: SZ Breitnau) stellt auf der Webseite www.sz-breitnau.de\/shop Vereinskleidung zur Verf\u00fcgung. Der Online-Shop der SZ Breitnau richtet sich ausschlie\u00dflich an Privatpersonen. \u00a7 1 Vertragsgegenstand Gegenstand eines Vertrages eines Nutzers mit der SZ Breitnau sind&hellip;<\/p>\n","protected":false},"author":1,"featured_media":0,"parent":0,"menu_order":0,"comment_status":"closed","ping_status":"closed","template":"","meta":{"_exactmetrics_skip_tracking":false,"_exactmetrics_sitenote_active":false,"_exactmetrics_sitenote_note":"","_exactmetrics_sitenote_category":0,"footnotes":""},"class_list":["post-98","page","type-page","status-publish","hentry"],"_links":{"self":[{"href":"https:\/\/www.sz-breitnau.de\/shop\/wp-json\/wp\/v2\/pages\/98","targetHints":{"allow":["GET"]}}],"collection":[{"href":"https:\/\/www.sz-breitnau.de\/shop\/wp-json\/wp\/v2\/pages"}],"about":[{"href":"https:\/\/www.sz-breitnau.de\/shop\/wp-json\/wp\/v2\/types\/page"}],"author":[{"embeddable":true,"href":"https:\/\/www.sz-breitnau.de\/shop\/wp-json\/wp\/v2\/users\/1"}],"replies":[{"embeddable":true,"href":"https:\/\/www.sz-breitnau.de\/shop\/wp-json\/wp\/v2\/comments?post=98"}],"version-history":[{"count":6,"href":"https:\/\/www.sz-breitnau.de\/shop\/wp-json\/wp\/v2\/pages\/98\/revisions"}],"predecessor-version":[{"id":754,"href":"https:\/\/www.sz-breitnau.de\/shop\/wp-json\/wp\/v2\/pages\/98\/revisions\/754"}],"wp:attachment":[{"href":"https:\/\/www.sz-breitnau.de\/shop\/wp-json\/wp\/v2\/media?parent=98"}],"curies":[{"name":"wp","href":"https:\/\/api.w.org\/{rel}","templated":true}]}}