{"id":632,"date":"2019-09-15T11:01:40","date_gmt":"2019-09-15T09:01:40","guid":{"rendered":"https:\/\/www.sz-breitnau.de\/shop\/?page_id=632"},"modified":"2019-09-15T23:01:37","modified_gmt":"2019-09-15T21:01:37","slug":"aufgeben","status":"publish","type":"page","link":"https:\/\/www.sz-breitnau.de\/shop\/kleinanzeigen\/aufgeben\/","title":{"rendered":"Kleinanzeige aufgeben"},"content":{"rendered":"\r\n<form action='https:\/\/www.sz-breitnau.de\/shop\/kleinanzeigen\/eintragen' method='post' name='Formular'>\r\nBeschreibung:<br>\r\n<textarea name='Beschreibung' rows='3' cols='50' \/><\/textarea><br><br>\r\nGr\u00f6\u00dfe:<br>\r\n<input name='Groesse' size='10' type='text' \/><br><br>\r\nName (wird auf der Website angezeigt):<br>\r\n<input name='Name' size='40' type='text' \/><br><br>\r\nTelefon (wird auf der Website angezeigt):<br>\r\n<input name='Telefon' size='40' type='text' \/><br><br>\r\nE-Mail (wird nicht \u00f6ffentlich angezeigt):<br>\r\n<input name='EMail' size='40' type='text' \/><br>\r\n\r\n<hr>\r\nMit der Einreichung der Kleinanzeige akzeptiert der Nutzer die Ver\u00f6ffentlichung der oben eingegebenen Daten im Internet auf unserer Webseite!<br>\r\nDer Anzeigenkunde tr\u00e4gt die alleinige Verantwortung f\u00fcr die rechtliche Zul\u00e4ssigkeit und den Inhalt seiner Anzeige. Der\u00a0Kunde darf mit seiner Anzeige nicht gegen gesetzliche oder beh\u00f6rdliche Ge- oder Verbote, die guten Sitten oder Rechte\u00a0Dritter (Marken-, Namens-, Urheber-, Datenschutz-, Pers\u00f6nlichkeitsrechte etc.) versto\u00dfen.<br>\r\nNach der Einreichung der Kleinanzeige wird dir eine E-Mail mit einem Link zugesendet mit der die Anzeige gel\u00f6scht werden kann.<br>\r\nNach 180 Tagen wird deine Kleinanzeige automatisch entfernt.\r\n\r\n<hr>\r\n<input type='hidden' name='pruefung' value='ok'>\r\n<input type='submit' value='Anzeige aufgeben' title='Klicken Sie hier um ihre Anzeige aufzugeben'>\r\n<input type='button' value='Eingabe l\u00f6schen' onclick='location='https:\/\/www.sz-breitnau.de\/shop\/kleinanzeigen'' title='Klicken Sie hier um ihre Eingaben zu l\u00f6schen'>\r\n<hr>\r\n<\/form>\r\n","protected":false},"excerpt":{"rendered":"","protected":false},"author":1,"featured_media":0,"parent":613,"menu_order":0,"comment_status":"closed","ping_status":"closed","template":"","meta":{"_exactmetrics_skip_tracking":false,"_exactmetrics_sitenote_active":false,"_exactmetrics_sitenote_note":"","_exactmetrics_sitenote_category":0,"footnotes":""},"class_list":["post-632","page","type-page","status-publish","hentry"],"_links":{"self":[{"href":"https:\/\/www.sz-breitnau.de\/shop\/wp-json\/wp\/v2\/pages\/632","targetHints":{"allow":["GET"]}}],"collection":[{"href":"https:\/\/www.sz-breitnau.de\/shop\/wp-json\/wp\/v2\/pages"}],"about":[{"href":"https:\/\/www.sz-breitnau.de\/shop\/wp-json\/wp\/v2\/types\/page"}],"author":[{"embeddable":true,"href":"https:\/\/www.sz-breitnau.de\/shop\/wp-json\/wp\/v2\/users\/1"}],"replies":[{"embeddable":true,"href":"https:\/\/www.sz-breitnau.de\/shop\/wp-json\/wp\/v2\/comments?post=632"}],"version-history":[{"count":1,"href":"https:\/\/www.sz-breitnau.de\/shop\/wp-json\/wp\/v2\/pages\/632\/revisions"}],"predecessor-version":[{"id":633,"href":"https:\/\/www.sz-breitnau.de\/shop\/wp-json\/wp\/v2\/pages\/632\/revisions\/633"}],"up":[{"embeddable":true,"href":"https:\/\/www.sz-breitnau.de\/shop\/wp-json\/wp\/v2\/pages\/613"}],"wp:attachment":[{"href":"https:\/\/www.sz-breitnau.de\/shop\/wp-json\/wp\/v2\/media?parent=632"}],"curies":[{"name":"wp","href":"https:\/\/api.w.org\/{rel}","templated":true}]}}